{"id":151,"date":"2013-07-31T16:17:13","date_gmt":"2013-07-31T15:17:13","guid":{"rendered":"http:\/\/konigsmuhle.cz\/?page_id=151"},"modified":"2013-08-25T12:35:53","modified_gmt":"2013-08-25T11:35:53","slug":"programm","status":"publish","type":"page","link":"https:\/\/konigsmuhle.cz\/de\/jahr-2013\/programm\/","title":{"rendered":"Programm"},"content":{"rendered":"<h4>Mittwoch 28. 8. 2013<\/h4>\n<ul>\n<li><strong>15.<strong>00<\/strong><\/strong>\u00a0<span class=\"roboto-thin-orange\">\/<\/span>\u00a0Er\u00f6ffnung der Kneipe \u201eIn der M\u00fchle\u201c<\/li>\n<li><strong>16<strong>.00<\/strong><\/strong>\u00a0<span class=\"roboto-thin-orange\">\/<\/span>\u00a0Wanderung mit Organisatoren und Experten in die Umgebung <span class=\"roboto-thin-orange\">\/<\/span> <em>K\u00f6nigsm\u00fchle, Stolzenhainer H\u00f6he, Kalkofen bei Schmiedeberg, Wirbelstein, K\u00f6nigsm\u00fchle<\/em><\/li>\n<\/ul>\n<h4>Donnerstag 29. 8. 2013<\/h4>\n<ul>\n<li><strong>14<strong>.00<\/strong><\/strong>\u00a0<span class=\"roboto-thin-orange\">\/<\/span>\u00a0Wie soll die Zukunft von K\u00f6nigs\u00fchle\u00a0aussehen?\u00a0<em>Ein Treffen von den Einheimischen, Natursch\u00fctzern, Denkmalsch\u00fctzern und den anderen betroffenen Gruppen<\/em><\/li>\n<li><strong><\/strong><span class=\"orange\">Filmabend<\/span><span class=\"roboto-medium orange\"><br \/>\n<\/span><\/li>\n<li><span class=\"roboto-medium\">18.00<\/span> <span class=\"roboto-thin-orange\">\/<\/span> Adelheid <span class=\"roboto-thin-orange\">\/<\/span> CZ<\/li>\n<li><span class=\"roboto-medium\">19.50<\/span> <span class=\"roboto-thin-orange\">\/<\/span> Marta und ich <span class=\"roboto-thin-orange\">\/<\/span> DE<\/li>\n<li><span class=\"roboto-medium\">21.45<\/span> <span class=\"roboto-thin-orange\">\/<\/span> Der Antritt <span class=\"roboto-thin-orange\">\/<\/span> &#8222;N\u00e1stup&#8220; <span class=\"roboto-thin-orange\">\/<\/span> CZ<\/li>\n<li><span class=\"roboto-medium\">23.45<\/span> <span class=\"roboto-thin-orange\">\/<\/span> Geraubte Grenze <span class=\"roboto-thin-orange\">\/<\/span> &#8222;Uloupen\u00e1 hranice&#8220; <span class=\"roboto-thin-orange\">\/<\/span> CZ<\/li>\n<\/ul>\n<h4>Freitag 30. 8. 2013<\/h4>\n<ul>\n<li><strong>16.00<\/strong> <span class=\"roboto-thin-orange\">\/<\/span> Besichtigung der K\u00f6nigsm\u00fchle mit Dichtern<\/li>\n<li class=\"orange\">Musikabend in den Ruinen von K\u00f6nigs\u00fchle<\/li>\n<li><strong>17.00<\/strong>\u00a0<span class=\"roboto-thin-orange\">\/<\/span> Kendy John\u00a0Kretzschmar <span class=\"roboto-thin-orange\">\/<\/span> DE<\/li>\n<li><strong>18.00<\/strong> <span class=\"roboto-thin-orange\">\/<\/span> J\u00f6rg Heinecke <span class=\"roboto-thin-orange\">\/<\/span> DE<\/li>\n<li><strong>19.00<\/strong> <span class=\"roboto-thin-orange\">\/<\/span> Krippelkiefen <span class=\"roboto-thin-orange\">\/<\/span> DE<\/li>\n<li><strong>20.00<\/strong> <span class=\"roboto-thin-orange\">\/<\/span>\u00a0Vorstellung der Legende von Marzebilla\u00a0<span class=\"roboto-thin-orange\">\/<\/span> Petr Mik\u0161\u00ed\u010dek\u00a0<span class=\"roboto-thin-orange\">\/<\/span> Jana \u0160tefl\u00ed\u010dkov\u00e1<\/li>\n<li><strong>20.30<\/strong>\u00a0<span class=\"roboto-thin-orange\">\/<\/span> Jana \u0160tefl\u00ed\u010dkov\u00e1 <span class=\"roboto-thin-orange\">\/<\/span> CZ<\/li>\n<li><strong>21.30<\/strong>\u00a0<span class=\"roboto-thin-orange\">\/<\/span> Ji\u0159\u00ed Smr\u017e <span class=\"roboto-thin-orange\">\/<\/span> CZ<\/li>\n<li><strong>23.00<\/strong> <span class=\"roboto-thin-orange\">\/<\/span> \u201eDo Nepam\u011bti\u201c <span class=\"roboto-thin-orange\">\/<\/span> \u201eNach Nichtgedenken\u201c <span class=\"roboto-thin-orange\">\/<\/span> Theatervorstellung <span class=\"roboto-thin-orange\">\/<\/span> Premiere<\/li>\n<\/ul>\n<h4>Samstag 31. 8. 2013<\/h4>\n<ul>\n<li><strong>11<strong>.00<\/strong><\/strong>\u00a0<span class=\"roboto-thin-orange\">\/<\/span>\u00a0Wanderung mit Organisatoren durch die Gegend<\/li>\n<li><strong>13<strong>.00<\/strong><\/strong>\u00a0<span class=\"roboto-thin-orange\">\/<\/span>\u00a0Wanderung \u00fcber den Erzgebirgskamm <span class=\"roboto-thin-orange\">\/<\/span> Lesung von Eva und Frank Hommel<\/li>\n<li><strong>14<strong>.30<\/strong><\/strong>\u00a0<span class=\"roboto-thin-orange\">\/<\/span>\u00a0Geschichten vom Erzgebirge <span class=\"roboto-thin-orange\">\/<\/span>\u00a0Lesung von Rosemarie Ernst und Petr Mik\u0161\u00ed\u010dek<\/li>\n<li><strong>16<strong>.00<\/strong><\/strong>\u00a0<span class=\"roboto-thin-orange\">\/<\/span>\u00a0Vorstellung der Werke von Landart-K\u00fcnstlern, Malern und Holzschnitzern<\/li>\n<li><strong>17.30<\/strong>\u00a0<span class=\"roboto-thin-orange\">\/<\/span>\u00a0Besichtigung der K\u00f6nigsm\u00fchle mit Dichtern<\/li>\n<li class=\"orange\">Musikabend<\/li>\n<li><strong>19<strong>.00<\/strong><\/strong>\u00a0<span class=\"roboto-thin-orange\">\/<\/span>\u00a0\u201eT\u0159i otazn\u00edky\u201c <span class=\"roboto-thin-orange\">\/<\/span> CZ<\/li>\n<li><strong>20<strong>.00<\/strong><\/strong>\u00a0<span class=\"roboto-thin-orange\">\/<\/span> Pitti <span class=\"roboto-thin-orange\">\/<\/span> DE<\/li>\n<li><strong>21<strong>.00<\/strong><\/strong>\u00a0<span class=\"roboto-thin-orange\">\/<\/span> Petr Linhart <span class=\"roboto-thin-orange\">\/<\/span> CZ<\/li>\n<li class=\"orange\">Theater-Licht-Tanzabend<\/li>\n<li><strong>22<strong>.00<\/strong><\/strong>\u00a0<span class=\"roboto-thin-orange\">\/<\/span>\u00a0\u201eDo Nepam\u011bti\u201c <span class=\"roboto-thin-orange\">\/<\/span> \u201eNach Nichtgedenken\u201c <span class=\"roboto-thin-orange\">\/<\/span> Theatervorstellung<\/li>\n<li><strong>23<strong>.00<\/strong><\/strong>\u00a0<span class=\"roboto-thin-orange\">\/<\/span>\u00a0Lightshow und Tanz <span class=\"roboto-thin-orange\">\/<\/span> Eli\u0161ka Feilov\u00e1<\/li>\n<\/ul>\n<h4>Sonntag 1. 9. 2013<\/h4>\n<ul>\n<li class=\"orange\">Filmsonntag f\u00fcr Kinder und Erwachsene<strong><br \/>\n<\/strong><\/li>\n<li><strong>12<strong>.00<\/strong><\/strong>\u00a0<span class=\"roboto-thin-orange\">\/<\/span>\u00a0Vorf\u00fchrung des Films \u00fcber K\u00f6nigsm\u00fchle 2012<\/li>\n<li><strong>13<strong>.00<\/strong><\/strong>\u00a0<span class=\"roboto-thin-orange\">\/<\/span>\u00a0Vorf\u00fchrung des Films \u00fcber den Holzschnitzer Josef Beer<\/li>\n<li><strong>14<strong>.00<\/strong><\/strong>\u00a0<span class=\"roboto-thin-orange\">\/<\/span>\u00a0Vorf\u00fchrung der Erzgebirgsteile von \u201eLuftschiffer Kr\u00e1\u010dmera\u201c<\/li>\n<li><strong>15<strong>.00<\/strong><\/strong>\u00a0<span class=\"orange\">\/<\/span>\u00a0Fotoquiz f\u00fcr die (Nicht-)Kenner vom Erzgebirge<\/li>\n<li class=\"orange\">Zeitzeugennachmittag<\/li>\n<li><strong>17<strong>.00<\/strong><\/strong>\u00a0<span class=\"roboto-thin-orange\">\/<\/span>\u00a0V\u00e1clav Dan\u011bk <span class=\"roboto-thin-orange\">\/<\/span> CZ<\/li>\n<li><strong>18<strong>.00<\/strong><\/strong>\u00a0<span class=\"roboto-thin-orange\">\/<\/span>\u00a0Helmut Kreissel <span class=\"roboto-thin-orange\">\/<\/span> DE<\/li>\n<li class=\"orange\">Musikschlusspunkt<\/li>\n<li><strong>19.00<\/strong> <span class=\"roboto-thin-orange\">\/<\/span> \u201eMamut\u00ed swing\u201c <span class=\"roboto-thin-orange\">\/<\/span> CZ<\/li>\n<li><strong>20.00<\/strong> <span class=\"roboto-thin-orange\">\/<\/span> Beendigung des Land-and-Art-Treffens mit Musik und Tanz vor der Kneipe<\/li>\n<\/ul>\n","protected":false},"excerpt":{"rendered":"<p>Mittwoch 28. 8. 2013 15.00\u00a0\/\u00a0Er\u00f6ffnung der Kneipe \u201eIn der M\u00fchle\u201c 16.00\u00a0\/\u00a0Wanderung mit Organisatoren und Experten in die Umgebung \/ K\u00f6nigsm\u00fchle, Stolzenhainer H\u00f6he, Kalkofen bei Schmiedeberg, Wirbelstein, K\u00f6nigsm\u00fchle Donnerstag 29. 8. 2013 14.00\u00a0\/\u00a0Wie soll die Zukunft von K\u00f6nigs\u00fchle\u00a0aussehen?\u00a0Ein Treffen von den Einheimischen, Natursch\u00fctzern, Denkmalsch\u00fctzern und den anderen betroffenen Gruppen Filmabend 18.00 \/ Adelheid \/ CZ 19.50 [&hellip;]<\/p>\n","protected":false},"author":1,"featured_media":0,"parent":147,"menu_order":11,"comment_status":"closed","ping_status":"closed","template":"page-template_program.php","meta":{"_acf_changed":false,"footnotes":""},"acf":[],"_links":{"self":[{"href":"https:\/\/konigsmuhle.cz\/de\/wp-json\/wp\/v2\/pages\/151"}],"collection":[{"href":"https:\/\/konigsmuhle.cz\/de\/wp-json\/wp\/v2\/pages"}],"about":[{"href":"https:\/\/konigsmuhle.cz\/de\/wp-json\/wp\/v2\/types\/page"}],"author":[{"embeddable":true,"href":"https:\/\/konigsmuhle.cz\/de\/wp-json\/wp\/v2\/users\/1"}],"replies":[{"embeddable":true,"href":"https:\/\/konigsmuhle.cz\/de\/wp-json\/wp\/v2\/comments?post=151"}],"version-history":[{"count":0,"href":"https:\/\/konigsmuhle.cz\/de\/wp-json\/wp\/v2\/pages\/151\/revisions"}],"up":[{"embeddable":true,"href":"https:\/\/konigsmuhle.cz\/de\/wp-json\/wp\/v2\/pages\/147"}],"wp:attachment":[{"href":"https:\/\/konigsmuhle.cz\/de\/wp-json\/wp\/v2\/media?parent=151"}],"curies":[{"name":"wp","href":"https:\/\/api.w.org\/{rel}","templated":true}]}}

<h4>Mittwoch 28. 8. 2013</h4>
<ul>
<li><strong>15.<strong>00</strong></strong> <span class="roboto-thin-orange">/</span> Eröffnung der Kneipe „In der Mühle“</li>
<li><strong>16<strong>.00</strong></strong> <span class="roboto-thin-orange">/</span> Wanderung mit Organisatoren und Experten in die Umgebung <span class="roboto-thin-orange">/</span> <em>Königsmühle, Stolzenhainer Höhe, Kalkofen bei Schmiedeberg, Wirbelstein, Königsmühle</em></li>
</ul>
<h4>Donnerstag 29. 8. 2013</h4>
<ul>
<li><strong>14<strong>.00</strong></strong> <span class="roboto-thin-orange">/</span> Wie soll die Zukunft von Königsühle aussehen? <em>Ein Treffen von den Einheimischen, Naturschützern, Denkmalschützern und den anderen betroffenen Gruppen</em></li>
<li><strong></strong><span class="orange">Filmabend</span><span class="roboto-medium orange"><br />
</span></li>
<li><span class="roboto-medium">18.00</span> <span class="roboto-thin-orange">/</span> Adelheid <span class="roboto-thin-orange">/</span> CZ</li>
<li><span class="roboto-medium">19.50</span> <span class="roboto-thin-orange">/</span> Marta und ich <span class="roboto-thin-orange">/</span> DE</li>
<li><span class="roboto-medium">21.45</span> <span class="roboto-thin-orange">/</span> Der Antritt <span class="roboto-thin-orange">/</span> &#8222;Nástup&#8220; <span class="roboto-thin-orange">/</span> CZ</li>
<li><span class="roboto-medium">23.45</span> <span class="roboto-thin-orange">/</span> Geraubte Grenze <span class="roboto-thin-orange">/</span> &#8222;Uloupená hranice&#8220; <span class="roboto-thin-orange">/</span> CZ</li>
</ul>
<h4>Freitag 30. 8. 2013</h4>
<ul>
<li><strong>16.00</strong> <span class="roboto-thin-orange">/</span> Besichtigung der Königsmühle mit Dichtern</li>
<li class="orange">Musikabend in den Ruinen von Königsühle</li>
<li><strong>17.00</strong> <span class="roboto-thin-orange">/</span> Kendy John Kretzschmar <span class="roboto-thin-orange">/</span> DE</li>
<li><strong>18.00</strong> <span class="roboto-thin-orange">/</span> Jörg Heinecke <span class="roboto-thin-orange">/</span> DE</li>
<li><strong>19.00</strong> <span class="roboto-thin-orange">/</span> Krippelkiefen <span class="roboto-thin-orange">/</span> DE</li>
<li><strong>20.00</strong> <span class="roboto-thin-orange">/</span> Vorstellung der Legende von Marzebilla <span class="roboto-thin-orange">/</span> Petr Mikšíček <span class="roboto-thin-orange">/</span> Jana Šteflíčková</li>
<li><strong>20.30</strong> <span class="roboto-thin-orange">/</span> Jana Šteflíčková <span class="roboto-thin-orange">/</span> CZ</li>
<li><strong>21.30</strong> <span class="roboto-thin-orange">/</span> Jiří Smrž <span class="roboto-thin-orange">/</span> CZ</li>
<li><strong>23.00</strong> <span class="roboto-thin-orange">/</span> „Do Nepaměti“ <span class="roboto-thin-orange">/</span> „Nach Nichtgedenken“ <span class="roboto-thin-orange">/</span> Theatervorstellung <span class="roboto-thin-orange">/</span> Premiere</li>
</ul>
<h4>Samstag 31. 8. 2013</h4>
<ul>
<li><strong>11<strong>.00</strong></strong> <span class="roboto-thin-orange">/</span> Wanderung mit Organisatoren durch die Gegend</li>
<li><strong>13<strong>.00</strong></strong> <span class="roboto-thin-orange">/</span> Wanderung über den Erzgebirgskamm <span class="roboto-thin-orange">/</span> Lesung von Eva und Frank Hommel</li>
<li><strong>14<strong>.30</strong></strong> <span class="roboto-thin-orange">/</span> Geschichten vom Erzgebirge <span class="roboto-thin-orange">/</span> Lesung von Rosemarie Ernst und Petr Mikšíček</li>
<li><strong>16<strong>.00</strong></strong> <span class="roboto-thin-orange">/</span> Vorstellung der Werke von Landart-Künstlern, Malern und Holzschnitzern</li>
<li><strong>17.30</strong> <span class="roboto-thin-orange">/</span> Besichtigung der Königsmühle mit Dichtern</li>
<li class="orange">Musikabend</li>
<li><strong>19<strong>.00</strong></strong> <span class="roboto-thin-orange">/</span> „Tři otazníky“ <span class="roboto-thin-orange">/</span> CZ</li>
<li><strong>20<strong>.00</strong></strong> <span class="roboto-thin-orange">/</span> Pitti <span class="roboto-thin-orange">/</span> DE</li>
<li><strong>21<strong>.00</strong></strong> <span class="roboto-thin-orange">/</span> Petr Linhart <span class="roboto-thin-orange">/</span> CZ</li>
<li class="orange">Theater-Licht-Tanzabend</li>
<li><strong>22<strong>.00</strong></strong> <span class="roboto-thin-orange">/</span> „Do Nepaměti“ <span class="roboto-thin-orange">/</span> „Nach Nichtgedenken“ <span class="roboto-thin-orange">/</span> Theatervorstellung</li>
<li><strong>23<strong>.00</strong></strong> <span class="roboto-thin-orange">/</span> Lightshow und Tanz <span class="roboto-thin-orange">/</span> Eliška Feilová</li>
</ul>
<h4>Sonntag 1. 9. 2013</h4>
<ul>
<li class="orange">Filmsonntag für Kinder und Erwachsene<strong><br />
</strong></li>
<li><strong>12<strong>.00</strong></strong> <span class="roboto-thin-orange">/</span> Vorführung des Films über Königsmühle 2012</li>
<li><strong>13<strong>.00</strong></strong> <span class="roboto-thin-orange">/</span> Vorführung des Films über den Holzschnitzer Josef Beer</li>
<li><strong>14<strong>.00</strong></strong> <span class="roboto-thin-orange">/</span> Vorführung der Erzgebirgsteile von „Luftschiffer Kráčmera“</li>
<li><strong>15<strong>.00</strong></strong> <span class="orange">/</span> Fotoquiz für die (Nicht-)Kenner vom Erzgebirge</li>
<li class="orange">Zeitzeugennachmittag</li>
<li><strong>17<strong>.00</strong></strong> <span class="roboto-thin-orange">/</span> Václav Daněk <span class="roboto-thin-orange">/</span> CZ</li>
<li><strong>18<strong>.00</strong></strong> <span class="roboto-thin-orange">/</span> Helmut Kreissel <span class="roboto-thin-orange">/</span> DE</li>
<li class="orange">Musikschlusspunkt</li>
<li><strong>19.00</strong> <span class="roboto-thin-orange">/</span> „Mamutí swing“ <span class="roboto-thin-orange">/</span> CZ</li>
<li><strong>20.00</strong> <span class="roboto-thin-orange">/</span> Beendigung des Land-and-Art-Treffens mit Musik und Tanz vor der Kneipe</li>
</ul>

<p>Mittwoch 28. 8. 2013 15.00 / Eröffnung der Kneipe „In der Mühle“ 16.00 / Wanderung mit Organisatoren und Experten in die Umgebung / Königsmühle, Stolzenhainer Höhe, Kalkofen bei Schmiedeberg, Wirbelstein, Königsmühle Donnerstag 29. 8. 2013 14.00 / Wie soll die Zukunft von Königsühle aussehen? Ein Treffen von den Einheimischen, Naturschützern, Denkmalschützern und den anderen betroffenen Gruppen Filmabend 18.00 / Adelheid / CZ 19.50 [&hellip;]</p>
